3 + 7. Suppose w + 4*w - p = 0. List the prime factors of w.
2
Suppose -2*j + 5 + 5 = 0. Suppose -o + 19 = -4*f, 3*f = 5*o - 1 - 26. Let l = j - o. What are the prime factors of l?
2
Let s = -1 + 5. Let u(w) = w**2 - 2*w - 3. Let m be u(s). Suppose 5*x - 50 = m*h, 13 = 2*x + 4*h - 7. What are the prime factors of x?
2, 5
Suppose 4*k + 6 = -5*v, 0 = 4*v + 5*k - 4 + 16. Suppose 0*o = v*o + 3*x + 2, 2*o = -4*x - 4. What are the prime factors of o?
2
Suppose -2*a = 2*i - 2 + 16, -a - 15 = 3*i. Let g be 81/2 + 2/i. Suppose o + 4*o - g = 0. List the prime factors of o.
2
Suppose -5*t + 169 = -c, 2*t - c + 35 = 3*t. Suppose 0 = 3*i - 7 - 8. Suppose -4*h + 70 = i*b + h, -h = 3*b - t. What are the prime factors of b?
2, 5
Let p = -8 - -6. List the prime factors of (-3 + 2 - p) + 7.
2
Suppose -4*u = s - 15 - 28, 5*u + s - 55 = 0. What are the prime factors of u?
2, 3
Suppose -2*s = -2, 0*s + 2*s = -3*w + 17. Suppose -3*h - 28 = -v, 0*h - 5*h = -w*v + 100. What are the prime factors of v?
2
Let d(j) = 2*j - 1. Let p be d(-13). Let n = p - -46. What are the prime factors of n?
19
Suppose 4*u - 5*m - 147 = 0, -2*u - 4*m = 3*u - 153. What are the prime factors of u?
3, 11
Let z = 223 - 45. What are the prime factors of z?
2, 89
Suppose -20*z = -24*z + 1660. List the prime factors of z.
5, 83
Let x(q) = q**2 - q + 2. Let l = 4 + -4. Suppose l = -2*y + y. What are the prime factors of x(y)?
2
Let c = 5 - 8. What are the prime factors of c/(-2) + (-395)/(-10)?
41
Suppose -357 = -3*v + 204. List the prime factors of v.
11, 17
Suppose -22 + 9 = -t. Let z = -6 + t. List the prime factors of z.
7
Let i(v) = 5*v**2 + v + 1. Let c(n) = 4*n**2 + n. Let q(k) = -6*c(k) + 5*i(k). Let z be q(0). Suppose -4*o + z*o = 5. List the prime factors of o.
5
Let b(j) = -6*j + 1. Suppose 0*l + 16 = 4*l. Let d = l - 6. List the prime factors of b(d).
13
Suppose 9 = y - 17. Suppose i - 3*f - 10 = -4*f, -5*i + f = -y. Let l = 10 - i. List the prime factors of l.
2
Suppose m - 145 = -4*g, -g - 3*g = -5*m - 163. List the prime factors of g.
37
Let u = 24 - -17. List the prime factors of u.
41
What are the prime factors of 187 + (-8 + 5 - -5)?
3, 7
Let l(m) = -4*m + 3*m**2 + 2 - 2*m**2 + 2 - 4*m. Let h be l(7). List the prime factors of h*(-5)/(5/6).
2, 3
Let u(w) = -w**3 + 4*w**2 + 2. Suppose 3 = -d + 2*d. List the prime factors of u(d).
11
Let c(u) = u**3 - 4*u**2 + 4*u - 1. Let h be c(4). Suppose b + 4*t = -0 + 4, -3*t = -5*b - 26. Let k = h + b. List the prime factors of k.
11
Suppose 3*u - 27 - 4 = -2*y, 5*y - 3*u = 46. Suppose -y*s = -16*s + 150. What are the prime factors of s?
2, 3, 5
Suppose 0 = 4*n - 5*l + 37, l - 30 = 5*n - 2*l. Let i(t) = 13*t + 3. Let m(d) = -9*d - 2. Let o(x) = -5*i(x) - 7*m(x). What are the prime factors of o(n)?
5
What are the prime factors of (-243)/(-12)*4/1?
3
Let o = -3 - 4. Let p(t) = t**3 + 8*t**2 + 4*t - 8. Let j be p(o). Suppose -2*r - j = -2*i - 3, 0 = -2*i - 2*r + 14. List the prime factors of i.
2, 3
Suppose 0 = -3*w + 4*w - 6. Suppose -o = -w*o + 135. What are the prime factors of o?
3
Let g(o) = -o**2 + 16*o - 9. List the prime factors of g(13).
2, 3, 5
Suppose -5*z = 4*p - 353, -14 - 47 = -z - 4*p. What are the prime factors of z?
73
Suppose -68 - 182 = -s + 2*r, -5*r = 2*s - 527. What are the prime factors of s?
2
Let g(a) be the second derivative of 5*a**3/3 - a**2 - 4*a. List the prime factors of g(3).
2, 7
Let b = 8 - 6. Suppose -b*f + 2 = -12. What are the prime factors of f?
7
Suppose 0 = -0*b + 3*b + 24. Let n = b + 12. List the prime factors of n/(-6)*306/(-12).
17
Let b be (-10)/20*(0 - 0). Suppose b*w - 6 = -3*w. List the prime factors of ((-2)/(-6))/(w/114).
19
Let h(t) = 13*t + 6. Let x be h(9). Suppose 5*k + 148 = 5*j + 3*k, 0 = -4*j - 3*k + x. Let a = j - 20. List the prime factors of a.
2, 5
Suppose z = -4*n + 8 + 103, -2*n = 5*z - 69. Suppose n = 4*s - s. List the prime factors of s.
3
List the prime factors of 2/7 + (-393)/(-21).
19
Suppose 5*b - 6 = -2*j, 0 = 3*b - 7*b. Suppose -2*r - j*d + 27 = 0, -21 = -r - 3*r + 5*d. List the prime factors of r.
3
Suppose 26 = -3*q - 5*d + 83, d = 3. Let g be (24/(-14))/((-1)/q). Let z = -13 + g. List the prime factors of z.
11
Suppose -7*t = -2*t. Suppose t = j - 2*v - 19, -4*j - 4*v = -5*v - 62. List the prime factors of j.
3, 5
Let l be (-4)/(-16) - (-7)/4. Suppose l*n = 4*d, -3*n + 19 = 2*d - 21. Suppose -29 = -3*r + 5*p + n, 2*p - 18 = -3*r. List the prime factors of r.
2
Suppose -3*l - 8*z + 1055 = -3*z, 2*z + 1398 = 4*l. What are the prime factors of l?
2, 5, 7
Suppose 5*u = 4*d - 6*d + 25, -3*u + 34 = 5*d. Let r be (-12)/(-1)*d/15. Suppose a + r*p = 19, 5 = -3*a - 5*p + 41. List the prime factors of a.
7
Let b be 1 + -5*(-6)/15. Suppose -4 = 2*f - b*f. What are the prime factors of f?
2
Let t(g) = 5*g**2 - 3*g. Let u be t(-3). List the prime factors of -6 + u + (1 - -2).
3, 17
Let n(q) = -q**2 + 7*q - 5. Let m be n(5). Suppose -m*a = -67 + 2. What are the prime factors of a?
13
Suppose 0 = 2*p - 3*p - 2*n + 3, 3*n = -p + 6. List the prime factors of (-13)/p - 2/6.
2
Suppose -5*p + 2*g = -2*p + 26, -p + 4*g = 2. Let n = p - -15. List the prime factors of n.
5
Suppose 3*d = -3*a, 4*a - 6*a = -2*d + 8. Suppose -j - d = -3*j. Let y(l) = 11*l**3 - l**2 - l + 1. List the prime factors of y(j).
2, 5
Let v(t) = t - 1. Suppose -9 = 2*x + x. Let z(d) = -d**2 - 7*d + 7. Let i(l) = x*v(l) - z(l). List the prime factors of i(-6).
2
Let k = 11 - 20. Suppose 60 = 3*t - 2*n + 3*n, 114 = 5*t - 3*n. Let i = k + t. List the prime factors of i.
2, 3
Let l = 28 + -23. List the prime factors of 44 + l + -3 + 0.
2, 23
Let y(b) = -3 - b + 2 + 2. Let v = 19 - 20. What are the prime factors of y(v)?
2
Suppose -192 = -5*n + 2*b, 0 = -2*n - 3*b - b + 96. What are the prime factors of n?
2, 5
Let x be 67/(2*4/8). Suppose 3*r - x = -2*k + 38, 3 = k. What are the prime factors of r?
3, 11
Suppose -f + 3*f = 0. Suppose 0 = -4*c - z + 11, 1 + f = -4*c + 3*z. Suppose -3*a + c*q + q = -33, 0 = -3*a + 2*q + 32. List the prime factors of a.
2, 5
Let y = -6 - -10. List the prime factors of 3 + y + -1 + 3.
3
Let k(y) = 4*y**2 - 1. What are the prime factors of k(3)?
5, 7
Suppose -3*c = -0*c - 30. List the prime factors of c.
2, 5
Suppose -11 = -4*m - c - 0, -4*m - 5*c = -23. Suppose -4 = -m*o + 4. Suppose o*s - 6 = 14. What are the prime factors of s?
5
Let d be 2*((-42)/(-4) - 2). Let o = 24 - d. List the prime factors of o.
7
Let u(v) = -20*v - 2. Let j be u(-1). List the prime factors of 8/36 - (-140)/j.
2
Let d = -37 + 129. Let g = d - 65. Let u = g + -17. List the prime factors of u.
2, 5
Suppose 4*s - j = 2*j + 43, 20 = 5*s + 3*j. What are the prime factors of s?
7
Suppose 0 = -r + 4 + 5. Suppose 0 = -2*p + 5*b + r, -2 = -p - p - 2*b. Suppose -x + p*x = 2*f - 9, 0 = 2*f + 3*x - 5. What are the prime factors of f?
2
Suppose -13*t - 26 = -15*t. What are the prime factors of t?
13
Let a = 4 + -5. What are the prime factors of (a + 4)/(3/10)?
2, 5
Let a(x) = -6*x - 5. Let j be a(-6). Suppose -56 = -2*w - r, -j = -w - r - 3. What are the prime factors of w?
2, 7
Let x(u) = u**2 - 4*u - 15. List the prime factors of x(-13).
2, 103
Suppose 3*h - 167 = j + 184, 0 = -3*h - 5*j + 369. List the prime factors of h.
2, 59
Suppose 0*z + 216 = 4*z. List the prime factors of z.
2, 3
Let n(w) = -w**2 + 13*w + 4. List the prime factors of n(12).
2
Let b(c) = -c + 5. Let h be b(0). Let g be (5/3)/(h/15). Suppose 0 = 5*o + 3*k + 2*k - 35, 0 = g*o + k - 35. List the prime factors of o.
7
Suppose 0*k + 33 = -3*k. Let s = k - -15. Suppose s*o + 2*g - 14 = 2*o, -2*o - 5*g + 11 = 0. What are the prime factors of o?
2
Let p = -84 + 119. What are the prime factors of p?
5, 7
Suppose -5*k + 3 = -7. Let w be 4/k - (1 - 1). Suppose -m = -5, 0 = w*v - v - 5*m + 19. List the prime factors of v.
2, 3
Let u be 27/6*(-1 + 17). Let j = u - 48. What are the prime factors of j?
2, 3
What are the prime factors of 2/(-4)*476/(-17)?
2, 7
Let u(c) = -c**2 - 30*c. What are the prime factors of u(-27)?
3
Let i = 219 + 14. List the prime factors of i.
233
Suppose 138 = c + 2*c. List the prime factors of c.
2, 23
Suppose 0*u - 20 = -u. What are the prime factors of u?
2, 5
Let u = 559 + -302. List the prime factors of u.
257
Let w be 2/3 + (-7)/(-3). 